is divided by 503?
9
What is the remainder when 24826728 is divided by 993069?
3
What is the remainder when 42965 is divided by 131?
128
What is the remainder when 1056133 is divided by 961?
955
What is the remainder when 90498 is divided by 1850?
1698
Calculate the remainder when 120777 is divided by 404.
385
Calculate the remainder when 79793424 is divided by 619.
610
What is the remainder when 30478415 is divided by 2733?
2732
What is the remainder when 65691952 is divided by 18?
16
What is the remainder when 8931816 is divided by 3791?
220
What is the remainder when 191850285 is divided by 98?
95
What is the remainder when 60821 is divided by 4672?
85
Calculate the remainder when 147560542 is divided by 9.
7
What is the remainder when 228351 is divided by 4077?
39
What is the remainder when 236921745 is divided by 16127?
16115
What is the remainder when 20256969 is divided by 7624?
1
Calculate the remainder when 50798 is divided by 69.
14
Calculate the remainder when 77269 is divided by 37659.
1951
What is the remainder when 1105426 is divided by 98?
84
What is the remainder when 4819477 is divided by 1420?
1417
What is the remainder when 26003 is divided by 4633?
2838
What is the remainder when 1653346 is divided by 340?
266
What is the remainder when 6314394 is divided by 6314385?
9
What is the remainder when 201425 is divided by 4688?
4529
Calculate the remainder when 404645 is divided by 71.
16
Calculate the remainder when 3229329 is divided by 461318.
103
What is the remainder when 2082285 is divided by 1041126?
33
What is the remainder when 18170655 is divided by 207?
195
Calculate the remainder when 14147763 is divided by 176.
3
What is the remainder when 619955 is divided by 4959?
80
What is the remainder when 2999197 is divided by 749714?
341
Calculate the remainder when 1333283 is divided by 51279.
29
What is the remainder when 47558 is divided by 11855?
138
Calculate the remainder when 143476022 is divided by 4015.
4012
Calculate the remainder when 371069817 is divided by 220.
217
What is the remainder when 1038458 is divided by 147834?
3620
Calculate the remainder when 18079470 is divided by 584.
582
Calculate the remainder when 170409771 is divided by 103.
82
What is the remainder when 17407 is divided by 2193?
2056
What is the remainder when 25235072 is divided by 89?
12
Calculate the remainder when 332417 is divided by 2577.
2561
What is the remainder when 2664778 is divided by 18899?
19
Calculate the remainder when 75609247 is divided by 1172.
11
What is the remainder when 121388091 is divided by 613?
605
What is the remainder when 848297022 is divided by 1211?
1210
Calculate the remainder when 592346494 is divided by 294.
292
Calculate the remainder when 75471578 is divided by 4209.
4208
Calculate the remainder when 911165 is divided by 537.
413
Calculate the remainder when 11872126 is divided by 2595.
1
Calculate the remainder when 109388 is divided by 108594.
794
What is the remainder when 3882571 is divided by 68112?
187
Calculate the remainder when 4620113 is divided by 2310002.
109
Calculate the remainder when 55296098 is divided by 1895.
1893
What is the remainder when 929776 is divided by 27340?
216
What is the remainder when 3362515 is divided by 53?
36
What is the remainder when 3210333 is divided by 267502?
309
What is the remainder when 1262525450 is divided by 3383?
3382
Calculate the remainder when 369768 is divided by 92389.
212
What is the remainder when 20278 is divided by 45?
28
What is the remainder when 3910909 is divided by 651779?
235
What is the remainder when 5341103 is divided by 81?
44
What is the remainder when 30070365 is divided by 82?
63
What is the remainder when 43894716 is divided by 29?
26
What is the remainder when 625875 is divided by 13315?
70
What is the remainder when 11251 is divided by 1197?
478
Calculate the remainder when 1126754 is divided by 563346.
62
Calculate the remainder when 139801 is divided by 3248.
137
Calculate the remainder when 291351 is divided by 321.
204
What is the remainder when 14513230 is divided by 853719?
7
Calculate the remainder when 23604609 is divided by 983525.
9
Calculate the remainder when 27985 is divided by 1067.
243
What is the remainder when 153070 is divided by 3477?
82
Calculate the remainder when 24539 is divided by 2214.
185
Calculate the remainder when 961099 is divided by 7680.
1099
Calculate the remainder when 1637849 is divided by 240.
89
What is the remainder when 683047 is divided by 45536?
7
What is the remainder when 54560 is divided by 232?
40
What is the remainder when 1023812 is divided by 328?
124
Calculate the remainder when 34891876 is divided by 581531.
16
Calculate the remainder when 29272909 is divided by 4.
1
Calculate the remainder when 3367576 is divided by 2294.
2278
Calculate the remainder when 3168760 is divided by 110.
100
Calculate the remainder when 6795244 is divided by 81.
73
Calculate the remainder when 32558 is divided by 15916.
726
Calculate the remainder when 17036063 is divided by 19.
17
Calculate the remainder when 4117825 is divided by 2058833.
159
Calculate the remainder when 1815130 is divided by 729.
649
Calculate the remainder when 63016408 is divided by 6301640.
8
What is the remainder when 54378 is divided by 10596?
1398
Calculate the remainder when 362181 is divided by 362170.
11
What is the remainder when 765600 is divided by 331?
328
Calculate the remainder when 3107101 is divided by 1553523.
55
Calculate the remainder when 33908003 is divided by 968800.
3
Calculate the remainder when 963179331 is divided by 507.
504
What is the remainder when 227440 is divided by 75765?
145
What is the remainder when 196330 is divided by 5452?
58
Calculate the remainder when 104623 is divided by 531.
16
Calculate the remainder when 412159 is divided by 1296.
31
Calculate the remainder when 11118027 is divided by 55.
52
What is the remainder when 707970 is divided by 707961?
9
Calculate the remainder when 69948926 is divided by 1792.
1790
Calculate the remainder when 21262 is divided by 2359.
31
What is the remainder when 9750072 is divided by 2935?
2
Calculate the remainder when 133628422 is divided by 360.
22
What is the remainder when 2725686 is divided by 1362839?
8
What is the remainder when 829210 is divided by 92114?
184
Calculate the remainder when 23278 is divided by 5648.
686
Calculate the remainder when 75450 is divided by 24751.
1197
Calculate the remainder when 378673 is divided by 20986.
925
What is the remainder when 74222725 is divided by 122?
121
What is the remainder when 3532506 is divided by 1177502?
0
Calculate the remainder when 44919 is divided by 408.
39
What is the remainder when 256934 is divided by 557?
157
Calculate the remainder when 14960225 is divided by 290.
285
What is the remainder when 13543508 is divided by 3007?
2987
Calculate the remainder when 30722060 is divided by 6144405.
35
Calculate the remainder when 276821 is divided by 2479.
1652
Calculate the remainder when 5164149 is divided by 8.
5
What is the remainder when 591 is divided by 30?
21
Calculate the remainder when 1420586 is divided by 65.
11
What is the remainder when 1292773 is divided by 107?
106
What is the remainder when 35541668 is divided by 41?
39
Calculate the remainder when 126087 is divided by 122.
61
What is the remainder when 48073114 is divided by 205?
204
Calculate the remainder when 5568256 is divided by 4143.
64
What is the remainder when 170922 is divided by 179?
156
What is the remainder when 556718 is divided by 92783?
20
What is the remainder when 48222222 is divided by 164?
154
Calculate the remainder when 3463197 is divided by 2220.
2217
What is the remainder when 95123147 is divided by 17?
4
What is the remainder when 1103376 is divided by 512?
16
Calculate the remainder when 10824923 is divided by 604.
35
What is the remainder when 6363611 is divided by 284?
23
Calculate the remainder when 3449612 is divided by 471.
8
What is the remainder when 2098223 is divided by 2097684?
539
Calculate the remainder when 257898824 is divided by 398.
396
Calculate the remainder when 938554 is divided by 10.
4
Calculate the remainder when 22463 is divided by 1795.
923
Calculate the remainder when 395123 is d